 common factor of y and c?
4
Suppose 2*m - 88 = -4. Calculate the greatest common factor of m and 28.
14
Suppose 2*b + 2*j + 10 = -6, -j - 5 = 0. Let t be 12 + (-3 - b)/4. What is the highest common factor of 8 and t?
4
Suppose 3*m - 9 - 6 = 0. What is the highest common divisor of 35 and m?
5
Suppose -14*n + 9*n = -240. What is the highest common factor of 32 and n?
16
Suppose -2*c - 3 = c. Let h(z) = -16*z. Let i be h(c). Let w(m) = -4*m + 8. Let b be w(-10). What is the greatest common divisor of i and b?
16
Suppose -28 = -4*m + 20. What is the greatest common factor of m and 120?
12
Suppose x - 116 = -87. Calculate the greatest common factor of x and 29.
29
Let q be ((-7)/7)/((-1)/20). Let f be (2 + 10/(-8))*16. Let h = q - f. What is the highest common divisor of 1 and h?
1
Suppose -3*j - 50 = 2*t, 0*t - 12 = t - 5*j. Let l be 22/(-121) + (-1192)/t. What is the greatest common factor of l and 81?
27
Let z = 4 + -2. Let r(k) = -2 + 3*k - 1 - 1 - 2*k. Let n be r(5). What is the greatest common divisor of n and z?
1
Suppose -z + 6*z = 50. What is the highest common factor of 35 and z?
5
Let n(k) = -734*k**3 + k**2. Let t be n(-1). Suppose -4*a + t = a. What is the greatest common divisor of a and 21?
21
Let j be (4 - 1)*(-1 + 2). Let d be (6 - 4)/(2/3). Calculate the greatest common divisor of d and j.
3
Suppose -5*v - 2 = 2*l - 8, -15 = -5*l - 2*v. Suppose 0 = -5*a + 5*o + 45, -a = 3*o - 2 - l. What is the greatest common divisor of a and 88?
8
Let b(g) = 17*g - 7. Let r be b(3). Calculate the highest common factor of 110 and r.
22
Suppose -144 = -38*d + 32*d. Calculate the greatest common factor of 48 and d.
24
Suppose 7 = t - 0. Let q = t - -1. Calculate the highest common divisor of 16 and q.
8
Suppose 0 = -3*z + 105 + 30. What is the highest common factor of 15 and z?
15
Suppose v - 5*v + 288 = 0. What is the greatest common divisor of 18 and v?
18
Let a(v) = -v**3 + 7*v**2 - 5*v. Let o be a(5). Calculate the highest common divisor of 50 and o.
25
Let j(k) = -k**2 - k + 17. Let u be j(3). Let x(b) = -b - 2. Let s be x(2). Let n = s + u. Calculate the highest common divisor of n and 9.
1
Let m(j) = 29*j**2 - 4*j + 4. Let i be m(1). Let t(l) = -47*l - 10. Let k be t(-7). Calculate the greatest common divisor of i and k.
29
Suppose q - 12 = v, -7 - 5 = 4*v. Let b be (3/4)/(3/324). Let a = b + -54. What is the highest common divisor of q and a?
9
Suppose -g - 86 = -0*g. Let y = 149 + g. What is the greatest common divisor of 7 and y?
7
Let i be (-4)/3*117/(-3). Let u be (2/(-6))/((-2)/12). Let o be (u/(-6))/((-1)/39). Calculate the greatest common factor of o and i.
13
Let v(w) = -w**2 - 3*w + 8. Let b be v(-6). Let h be b/(-4)*12/(-6). Let l be (-383)/h - (-2)/5. What is the greatest common divisor of 11 and l?
11
Let m(g) be the second derivative of -1/6*g**3 - 5/6*g**4 + 0 - 1/20*g**5 - 7/2*g**2 - 4*g. Let a be m(-10). What is the greatest common factor of a and 1?
1
Let s be (-1 + 2/(-5))*-5. Calculate the highest common factor of s and 21.
7
Let b(w) = 2*w + 12. Let a be b(-6). Suppose a = -5*d + 30 + 25. What is the highest common factor of 44 and d?
11
Let r(h) = h**3 + 4*h**2 - 2*h - 6. Let j be r(-4). Suppose -j*w = -24 - 66. What is the highest common factor of w and 18?
9
Let d(a) = -11*a + 6. Let b be d(6). Let l = -15 - b. Suppose k - l = -0*k. What is the highest common divisor of k and 5?
5
Suppose 11 + 10 = 3*l. Let y(z) = z + 21. Suppose 18 + 7 = -5*d - 5*n, 0 = 2*d - 4*n - 20. Let s be y(d). Calculate the greatest common factor of s and l.
7
Let y be (-587)/(-9) - (-7)/252*-8. Calculate the greatest common divisor of y and 520.
65
Suppose 0 = 2*h + 2*h - 264. Calculate the greatest common divisor of 99 and h.
33
Suppose 0 = 3*q - 0*q - 4*t - 512, 0 = -4*q + t + 674. Calculate the highest common factor of 7 and q.
7
Suppose 2*d = 2 + 6. Suppose 4*t - d*k + 36 = 8*t, -3*t = -2*k - 7. Let r(n) = 13*n + 1. Let x be r(t). Calculate the greatest common factor of 6 and x.
6
Let q(z) = z**3 + 4*z**2 - z + 3. Let y be q(-4). Calculate the greatest common factor of 35 and y.
7
Suppose 6 + 2 = 4*g. Suppose -2*j = -8, -g*d + 4 = -j - 4*j. Let a be 2/5 - (-76)/10. What is the greatest common factor of a and d?
4
Let z = -396 - -682. What is the greatest common divisor of z and 22?
22
Suppose -13 = 2*n + 57. Let b be (-46)/(-14) - (-10)/n. Suppose -b*v = -v - 16. What is the greatest common factor of v and 8?
8
Let s = 26 - -64. Let q be ((3 + -1)*-5)/(7 - 8). Calculate the highest common divisor of s and q.
10
Let q be 60/(10/(-15) - (-68)/48). Calculate the greatest common factor of q and 60.
20
Suppose 31 = f + 4*w, 2*f + 3*w = 7*f - 40. Calculate the greatest common factor of 1 and f.
1
Let l(c) = c - 4. Let x be l(8). Suppose 0 = -2*v - 3*v + a + x, 0 = v - a. Suppose 0 = -k - v + 13. What is the greatest common factor of 24 and k?
12
Let h be (-112)/(-6) + (-4)/6. Suppose -72 + h = -3*i. Suppose -2*w = -4*w + 12. What is the highest common factor of i and w?
6
Let d be (-15)/3*(1 + -2). Suppose 0 = -d*q - 47 + 747. Calculate the greatest common factor of q and 20.
20
Let d(x) = -4*x - 6. Let b be d(-3). Calculate the greatest common factor of 4 and b.
2
Let v = 0 - -6. Let t be ((-32)/6)/((-4)/v). Suppose -i + 158 = 4*x, -5*i + 2*i = x - 34. Calculate the highest common factor of t and x.
8
Suppose -4*c + u = 6*u - 138, 0 = 5*c + u - 162. Let r(q) = q**3 - q**2 - 2*q + 4. Let z be r(2). Calculate the greatest common factor of c and z.
4
Let f = 0 + 7. Suppose u + 0 = 35. What is the greatest common factor of u and f?
7
Let r(h) = -h**3 - 11*h**2 + 6. Let a be r(-11). Let n be 3 + -1 + 3/(-1). Let s be -5 + 3 + 21 + n. Calculate the highest common divisor of s and a.
6
Let y(w) = w**2. Let j be y(0). Suppose 0 = -j*g - g + 5. What is the highest common factor of 15 and g?
5
Suppose 0 = 4*a + 3*f + f + 112, 2*a - 5*f + 42 = 0. Let u = -17 - a. Suppose 159 + 3 = 2*q. What is the highest common factor of q and u?
9
Suppose 6 = -o - 2*i, 0*o + o - 5*i = 15. Suppose 4*k = -2*h + 30, 3*k + 3*h - 5*h - 26 = o. Calculate the highest common factor of k and 56.
8
Suppose 6*q = q. Suppose q = 8*g - 7*g - 8. What is the highest common divisor of g and 8?
8
Suppose -4209 = -3*m - 0*m. Suppose -m = -5*l - 323. Calculate the highest common divisor of 24 and l.
24
Let v(u) = 6*u - 48. Let a be v(13). What is the greatest common divisor of a and 30?
30
Let s = 30 + -16. Suppose -3*j = 3*p + 15, 0*j - 5*p = -2*j - 10. Let y = 9 - j. What is the greatest common factor of s and y?
14
Let j = -25 - -27. Let z be (-4)/j + (-24)/(-3). Calculate the greatest common divisor of z and 6.
6
Suppose -3*w - w - 12 = 0. Let o(c) = -31*c**2 + 40*c**2 + 4 - 2*c + 5*c. Let k be o(w). Calculate the highest common divisor of 19 and k.
19
Let x(s) = 13*s**2 - 2*s + 1. Let w be x(1). Let v = 8 + w. Calculate the highest common divisor of 30 and v.
10
Let d = -19 - -17. Let m = d - -11. What is the highest common divisor of 54 and m?
9
Let m(d) = -4*d - 3. Let c be m(-4). Calculate the highest common factor of c and 208.
13
Let c(w) = -w**2 + 14*w - 5. Let t be c(5). What is the highest common divisor of 20 and t?
20
Suppose 0 = -k + 6*k - 5. Let h = 7 + k. What is the highest common divisor of h and 8?
8
Let u(j) = -3*j**2 + j. Let x(f) = -f**2 + 8*f - 6. Let s be x(7). Let m be u(s). Let k be ((-2)/6)/(m/84). What is the highest common factor of 98 and k?
14
Suppose -p - j = -2, -4*p = -0*p + 3*j - 11. Calculate the highest common factor of 20 and p.
5
Let j be 50/(-10)*(-8)/10. Let d = -36 - -60. Calculate the highest common divisor of j and d.
4
Suppose i - 1 - 24 = 0. Calculate the highest common factor of i and 225.
25
Let d(n) = -n**3 - n**2 + 1. Suppose 0 = 4*b + b + 10. Let l be d(b). Let s be (-4)/(-14) + 36/21. Calculate the highest common factor of s and l.
1
Let g(s) be the first derivative of -s**2/2 - 2*s - 3. Let o be g(-3). Let c(b) = -b + 14. Let t be c(6). What is the greatest common divisor of t and o?
1
Let v be (-3)/(2/(46/(-3))). Let w = v + -15. Calculate the highest common divisor of 20 and w.
4
Let c be 6*15/40*16/6. Calculate the greatest common divisor of c and 30.
6
Let u = -22 - -112. What is the highest common divisor of u and 10?
10
